{"id":39,"date":"2024-09-24T19:22:00","date_gmt":"2024-09-24T17:22:00","guid":{"rendered":"https:\/\/www.independientesnoneutrales.cl\/tienda\/?post_type=product&#038;p=39"},"modified":"2024-10-30T11:53:40","modified_gmt":"2024-10-30T10:53:40","slug":"rico-boost","status":"publish","type":"product","link":"https:\/\/www.independientesnoneutrales.cl\/tienda\/product\/rico-boost\/","title":{"rendered":"Rico Boost comprar"},"content":{"rendered":"<table>\n<tbody>\n<tr>\n<td>Sitio web<\/td>\n<td>RicoBoost.es<\/td>\n<\/tr>\n<tr>\n<td>Acci\u00f3n<\/td>\n<td>\u2714 Aumenta la confianza de un hombre;<br \/>\n\u2714 Ayuda a lograr erecciones m\u00e1s largas e intensas;<br \/>\n\u2714 Promueve mejoras duraderas y a largo plazo en el tama\u00f1o.<\/td>\n<\/tr>\n<tr>\n<td>Componentes<\/td>\n<td>\u2714 Extracto de maca;<br \/>\n\u2714 Extracto de tribulus;<br \/>\n\u2714 Arginina;<br \/>\n\u2714 Zinc;<br \/>\n\u2714 Ginkgo biloba.<\/td>\n<\/tr>\n<tr>\n<td>Instrucciones de uso<\/td>\n<td>\u2714 Tomar una cucharada de polvo al d\u00eda.<br \/>\n\u2714 Es recomendable tomar el polvo por la ma\u00f1ana despu\u00e9s de las comidas.<br \/>\n\u2714 Tomar el polvo con agua.<br \/>\n\u2714 Se recomienda tomar durante al menos 30 d\u00edas.<\/td>\n<\/tr>\n<tr>\n<td>Volumen<\/td>\n<td>100 g<\/td>\n<\/tr>\n<tr>\n<td>Precio<\/td>\n<td>\ud83d\uded1 780 MXN<\/td>\n<\/tr>\n<tr>\n<td>Entrega<\/td>\n<td>1-3 d\u00edas<\/td>\n<\/tr>\n<\/tbody>\n<\/table>\n<h2><b>Rico Boost: Revoluci\u00f3n en la salud masculina<\/b><\/h2>\n<p><img loading=\"lazy\" decoding=\"async\" class=\"aligncenter size-full wp-image-31\" src=\"http:\/\/www.independientesnoneutrales.cl\/tienda\/wp-content\/uploads\/2024\/09\/Rico-Boost-5.jpg\" alt=\"Rico Boost para que sirve\" width=\"500\" height=\"384\" srcset=\"https:\/\/www.independientesnoneutrales.cl\/tienda\/wp-content\/uploads\/2024\/09\/Rico-Boost-5.jpg 500w, https:\/\/www.independientesnoneutrales.cl\/tienda\/wp-content\/uploads\/2024\/09\/Rico-Boost-5-300x230.jpg 300w, https:\/\/www.independientesnoneutrales.cl\/tienda\/wp-content\/uploads\/2024\/09\/Rico-Boost-5-391x300.jpg 391w\" sizes=\"(max-width: 500px) 100vw, 500px\" \/><\/p>\n<p>Rico Boost es un suplemento innovador para la salud masculina que contiene extracto de ginseng, L-arginina y otros ingredientes activos para estimular la circulaci\u00f3n sangu\u00ednea, aumentar la libido y fortalecer la resistencia general. Aumenta el di\u00e1metro del pene en un 25%, mejora la energ\u00eda y favorece la producci\u00f3n natural de testosterona.<\/p>\n<p>Los avances m\u00e9dicos modernos no se detienen, sino que avanzan, ofreciendo soluciones cada vez m\u00e1s eficaces para mejorar la salud de los hombres. Uno de esos productos innovadores es Rico Boost, un polvo para agrandar el pene que estimula el deseo sexual y la libido. Descuidar problemas como la mala circulaci\u00f3n genital y los niveles bajos de testosterona puede provocar problemas psicol\u00f3gicos y f\u00edsicos graves, incluida una disminuci\u00f3n de la autoestima y la calidad de vida.<\/p>\n<p>Para qu\u00e9 sirve Rico Boost es una soluci\u00f3n integral destinada a mejorar la circulaci\u00f3n sangu\u00ednea y el tono corporal general. La f\u00f3rmula \u00fanica proporciona una acci\u00f3n instant\u00e1nea, aumentando el di\u00e1metro del pene en un 25% despu\u00e9s de la primera dosis. Esta circulaci\u00f3n mejorada no s\u00f3lo promueve el aumento de tama\u00f1o, sino que tambi\u00e9n proporciona beneficios para la salud a largo plazo.<\/p>\n<h2><b>\u00bfQu\u00e9 puede causar impotencia?<\/b><\/h2>\n<p>La impotencia puede ser una enfermedad separada o un signo de otras patolog\u00edas que ocurren en el cuerpo de un hombre. Digamos de inmediato: con un enfoque competente e integral, la disfunci\u00f3n er\u00e9ctil se puede tratar con \u00e9xito en la mayor\u00eda de los casos. Pero antes de desarrollar una estrategia para tratar la impotencia, es necesario comprender sus causas. Los m\u00e1s comunes de ellos:<\/p>\n<ol>\n<li aria-level=\"1\"><b>Problemas psicol\u00f3gicos, depresi\u00f3n.<\/b> La impotencia puede surgir en un contexto de estr\u00e9s prolongado, experiencias sexuales fallidas, tensi\u00f3n, falta de armon\u00eda entre las parejas sexuales, problemas en el trabajo, dificultades financieras, etc. El motivo de la ausencia total o parcial de una erecci\u00f3n puede ser incluso una frase lanzada por una pareja sobre las dudosas capacidades sexuales de un hombre. La impotencia por motivos psicol\u00f3gicos tambi\u00e9n puede desarrollarse en los j\u00f3venes, mientras que la atracci\u00f3n sexual est\u00e1 presente con mayor frecuencia. Este tipo de disfunci\u00f3n er\u00e9ctil se caracteriza por su aparici\u00f3n repentina. A veces se trata de un trastorno temporal y, despu\u00e9s de un tiempo, la erecci\u00f3n se reanuda sin ning\u00fan tratamiento. En ocasiones necesitar\u00e1s la ayuda de un terapeuta sexual o un psic\u00f3logo.<\/li>\n<li aria-level=\"1\"><b>Actividad f\u00edsica excesiva.<\/b> Los entrenamientos largos y agotadores pueden provocar una disminuci\u00f3n de la testosterona, lo que a su vez afectar\u00e1 negativamente a la potencia. Si la sobrecarga no es sistem\u00e1tica, entonces, como regla general, despu\u00e9s de un descanso adecuado, el problema de erecci\u00f3n desaparece por s\u00ed solo.<\/li>\n<li aria-level=\"1\"><b>Trastornos neurol\u00f3gicos: <\/b>patolog\u00edas de la m\u00e9dula espinal, del cerebro debido a lesiones previas, esclerosis m\u00faltiple, neuropat\u00edas perif\u00e9ricas. La impotencia neurog\u00e9nica puede ser causada por operaciones en la zona p\u00e9lvica (vejiga, recto, pr\u00f3stata) con da\u00f1o a los plexos nerviosos.<\/li>\n<\/ol>\n<h2><b>Indicaciones para el uso<\/b><\/h2>\n<p><img loading=\"lazy\" decoding=\"async\" class=\"aligncenter size-full wp-image-30\" src=\"http:\/\/www.independientesnoneutrales.cl\/tienda\/wp-content\/uploads\/2024\/09\/Rico-Boost-4.jpg\" alt=\"Rico Boost donde lo venden\" width=\"500\" height=\"390\" srcset=\"https:\/\/www.independientesnoneutrales.cl\/tienda\/wp-content\/uploads\/2024\/09\/Rico-Boost-4.jpg 500w, https:\/\/www.independientesnoneutrales.cl\/tienda\/wp-content\/uploads\/2024\/09\/Rico-Boost-4-300x234.jpg 300w, https:\/\/www.independientesnoneutrales.cl\/tienda\/wp-content\/uploads\/2024\/09\/Rico-Boost-4-385x300.jpg 385w\" sizes=\"(max-width: 500px) 100vw, 500px\" \/><\/p>\n<p>Rico Boost recomendado para hombres que enfrentan problemas como:<\/p>\n<ol>\n<li aria-level=\"1\"><b>Tama\u00f1o de pene peque\u00f1o: <\/b>Si no est\u00e1s satisfecho con el tama\u00f1o de tu pene y quieres agrandarlo sin cirug\u00eda.<\/li>\n<li aria-level=\"1\"><b>Problemas de erecci\u00f3n:<\/b> Recomendado para hombres que experimentan dificultades de erecci\u00f3n.<\/li>\n<li aria-level=\"1\"><b>Bajo deseo sexual: <\/b>Ayuda a aumentar el deseo y el deseo sexual, haciendo que el sexo sea m\u00e1s placentero y satisfactorio.<\/li>\n<\/ol>\n<h2><b>Principio de acci\u00f3n de la droga<\/b><\/h2>\n<p>El principio clave detr\u00e1s de la acci\u00f3n de Rico Boost es estimular la circulaci\u00f3n sangu\u00ednea en los genitales y mejorar el aumento de testosterona. El extracto de ginseng del f\u00e1rmaco act\u00faa como un poderoso estimulante natural, mejora la circulaci\u00f3n sangu\u00ednea y favorece la producci\u00f3n natural de testosterona. Esto no s\u00f3lo aumenta el tama\u00f1o, sino que tambi\u00e9n aumenta el deseo sexual y la libido.<\/p>\n<p>Adem\u00e1s de mejorar la funci\u00f3n sexual, Rico Boost fortalece los mecanismos generales de resistencia y defensa del cuerpo. Esto es especialmente importante en el ritmo de vida moderno, cuando el estr\u00e9s y la fatiga afectan negativamente la salud general. Fortalecer el sistema inmunol\u00f3gico y mejorar el bienestar general son beneficios importantes que ofrece Rico Boost.<\/p>\n<p>Cabe se\u00f1alar que el uso de Rico Boost no requiere condiciones especiales ni procedimientos m\u00e9dicos adicionales. La simplicidad y facilidad de uso, combinadas con una alta eficacia y seguridad, hacen de este producto una opci\u00f3n atractiva para los hombres que buscan mejorar su salud sexual y su bienestar general.<\/p>\n<h2><b>\u00bfQu\u00e9 propiedades beneficiosas tiene Rico Boost?<\/b><\/h2>\n<p>Propiedades principales de Rico Boost:<\/p>\n<ol>\n<li aria-level=\"1\"><b>Autoconfianza: <\/b>Aumenta la confianza del hombre en sus propias capacidades sexuales.<\/li>\n<li aria-level=\"1\"><b>Satisfacci\u00f3n de la pareja:<\/b> ayuda a conseguir erecciones m\u00e1s largas e intensas, lo que contribuye a la satisfacci\u00f3n tanto del hombre como de su pareja.<\/li>\n<li aria-level=\"1\"><b>Respalda resultados a largo plazo:<\/b> Promueve mejoras duraderas a largo plazo en el tama\u00f1o y la funci\u00f3n del pene, lo que lo convierte en una excelente opci\u00f3n para los hombres que buscan resultados duraderos.<\/li>\n<li aria-level=\"1\"><b>Aumento del deseo sexual: <\/b>aumento de la libido y del deseo sexual con contribuir\u00e1 a una vida sexual m\u00e1s activa y rica.<\/li>\n<\/ol>\n<p>Estas propiedades hacen de Rico Boost funciona una opci\u00f3n atractiva para los hombres que desean mejorar su vida sexual y aumentar su confianza en la cama.<\/p>\n<h2><b>Beneficios de tomar Rico Boost es bueno o malo<\/b><\/h2>\n<p><img loading=\"lazy\" decoding=\"async\" class=\"aligncenter size-full wp-image-29\" src=\"http:\/\/www.independientesnoneutrales.cl\/tienda\/wp-content\/uploads\/2024\/09\/Rico-Boost-3.jpg\" alt=\"Rico Boost precio\" width=\"500\" height=\"459\" srcset=\"https:\/\/www.independientesnoneutrales.cl\/tienda\/wp-content\/uploads\/2024\/09\/Rico-Boost-3.jpg 500w, https:\/\/www.independientesnoneutrales.cl\/tienda\/wp-content\/uploads\/2024\/09\/Rico-Boost-3-300x275.jpg 300w, https:\/\/www.independientesnoneutrales.cl\/tienda\/wp-content\/uploads\/2024\/09\/Rico-Boost-3-327x300.jpg 327w\" sizes=\"(max-width: 500px) 100vw, 500px\" \/><\/p>\n<p>Rico Boost resultados reales tiene varias ventajas clave:<\/p>\n<ol>\n<li aria-level=\"1\"><b>Composici\u00f3n natural:<\/b> contiene \u00fanicamente ingredientes naturales, libres de aditivos qu\u00edmicos y efectos secundarios.<\/li>\n<li aria-level=\"1\"><b>Resultados duraderos:<\/b> el uso regular proporciona resultados estables y a largo plazo.<\/li>\n<li aria-level=\"1\"><b>Seguridad: <\/b>Cl\u00ednicamente probado y no tiene efectos secundarios conocidos.<\/li>\n<li aria-level=\"1\"><b>Mejorar la vida \u00edntima: <\/b>ayuda a mejorar la calidad e intensidad de las relaciones sexuales.<\/li>\n<\/ol>\n<h2><b>Instrucciones de uso y como se aplica<\/b><\/h2>\n<p>Las instrucciones para usar el polvo Rico Boost como se usa el son simples y convenientes:<\/p>\n<ul>\n<li aria-level=\"1\">Tomar una cucharada de polvo al d\u00eda.<\/li>\n<li aria-level=\"1\">Es recomendable tomar el polvo por la ma\u00f1ana despu\u00e9s de las comidas.<\/li>\n<li aria-level=\"1\">Tomar el polvo con abundante agua.<\/li>\n<li aria-level=\"1\">Se recomienda realizar el curso durante al menos 30 d\u00edas para lograr mejores resultados.<\/li>\n<\/ul>\n<h2><b>\u00bfQu\u00e9 est\u00e1 incluido en Rico Boost?<\/b><\/h2>\n<p>Veamos la composici\u00f3n Rico Boost para agrandar el pene:<\/p>\n<ol>\n<li aria-level=\"1\"><b>Extracto de Maca:<\/b> La maca es conocida por sus beneficios para la salud masculina. Ayuda a aumentar la libido, aumentar la resistencia y mejorar la calidad de las erecciones.<\/li>\n<li aria-level=\"1\"><b>Extracto de Tribulus:<\/b> ayuda a aumentar los niveles de testosterona en el cuerpo del hombre, lo que a su vez aumenta el deseo sexual y mejora la erecci\u00f3n.<\/li>\n<li aria-level=\"1\"><b>Arginina<\/b>: dilata los vasos sangu\u00edneos y aumenta el flujo sangu\u00edneo al pene. Esto promueve una mejor erecci\u00f3n y un mayor volumen de los cuerpos cavernosos.<\/li>\n<li aria-level=\"1\"><b>Zinc:<\/b> juega un papel importante en el mantenimiento de la salud de la pr\u00f3stata y la promoci\u00f3n de la producci\u00f3n de esperma. Tambi\u00e9n aumenta los niveles de testosterona en el cuerpo.<\/li>\n<li aria-level=\"1\"><b>Ginkgo biloba:<\/b> ayuda a mejorar el suministro de sangre y la microcirculaci\u00f3n, lo que promueve mejores erecciones y una mayor resistencia sexual.<\/li>\n<li aria-level=\"1\"><b>\u00c1cido pantot\u00e9nico: <\/b>participa en la s\u00edntesis de hormonas y apoya el funcionamiento normal del sistema reproductivo.<\/li>\n<li aria-level=\"1\"><b>Vitamina B6 (piridoxina)<\/b>: importante para mantener un sistema nervioso sano y promover erecciones m\u00e1s fuertes.<\/li>\n<li aria-level=\"1\"><b>Vitamina E (tocoferol):<\/b> conocida por sus propiedades antioxidantes y ayuda a mejorar la salud p\u00e9lvica en general.<\/li>\n<\/ol>\n<p>Todos estos componentes trabajan juntos para promover un mayor tama\u00f1o del pene, una mejor funci\u00f3n sexual y la salud general del hombre.<\/p>\n<h2><b>Certificados de calidad<\/b><\/h2>\n<p>Rico Boost ha superado los controles de certificaci\u00f3n necesarios y cumple con los est\u00e1ndares de calidad y seguridad.<\/p>\n<h2><b>Contraindicaciones<\/b><\/h2>\n<p><img loading=\"lazy\" decoding=\"async\" class=\"aligncenter size-full wp-image-28\" src=\"http:\/\/www.independientesnoneutrales.cl\/tienda\/wp-content\/uploads\/2024\/09\/Rico-Boost-2.jpg\" alt=\"Rico Boost precio farmacia similares\" width=\"500\" height=\"337\" srcset=\"https:\/\/www.independientesnoneutrales.cl\/tienda\/wp-content\/uploads\/2024\/09\/Rico-Boost-2.jpg 500w, https:\/\/www.independientesnoneutrales.cl\/tienda\/wp-content\/uploads\/2024\/09\/Rico-Boost-2-300x202.jpg 300w, https:\/\/www.independientesnoneutrales.cl\/tienda\/wp-content\/uploads\/2024\/09\/Rico-Boost-2-400x270.jpg 400w\" sizes=\"(max-width: 500px) 100vw, 500px\" \/><\/p>\n<p>Polvo Rico Boost, confiable aunque contiene ingredientes naturales, no se recomienda su uso en los siguientes casos:<\/p>\n<ul>\n<li aria-level=\"1\"><b>Intolerancia individual:<\/b> si tiene una intolerancia individual conocida a alguno de los componentes del medicamento, debe evitar su uso.<\/li>\n<li aria-level=\"1\"><b>Reacciones al\u00e9rgicas:<\/b> en caso de reacciones al\u00e9rgicas a los componentes del polvo, deje de usar el medicamento y consulte a un m\u00e9dico.<\/li>\n<\/ul>\n<h2><b>Condiciones y plazos de almacenamiento<\/b><\/h2>\n<p>Rico Boost farmacia del ahorro debe almacenarse en un lugar fresco y seco fuera del alcance de los ni\u00f1os. La fecha de caducidad est\u00e1 indicada en el embalaje.<\/p>\n<h2><b>\u00bfVerdad o estafa?<\/b><\/h2>\n<p>Rico Boost es un remedio real con una acci\u00f3n eficaz probada. Muchas cr\u00edticas positivas de usuarios satisfechos confirman su eficacia.<\/p>\n<h2><b>Opini\u00f3n experta<\/b><\/h2>\n<blockquote><p><b>Kendra Egleas<\/b> &#8211; sex\u00f3loga<\/p>\n<p>Rico Boost es una soluci\u00f3n interesante para los hombres que buscan mejorar las relaciones \u00edntimas y aumentar el tama\u00f1o del pene precio farmacia del ahorro. La composici\u00f3n natural y la f\u00f3rmula especialmente desarrollada act\u00faan de manera integral, ayudando a aumentar el deseo sexual, aumentar la confianza en uno mismo y mejorar la erecci\u00f3n. Es importante se\u00f1alar que walmart Rico Boost est\u00e1 respaldado por cr\u00edticas positivas de usuarios que notan resultados visibles despu\u00e9s de usar el medicamento. Lo recomiendo como una de las opciones para mejorar tu vida sexual.<\/p><\/blockquote>\n<h2><b>Opiniones de clientes sobre Rico Boost<\/b><\/h2>\n<p>&nbsp;<\/p>\n<blockquote><p><b>Fernando<\/b><\/p>\n<p>Rico Boost donde lo puedo conseguir mejor\u00f3 mi vida sexual. La erecci\u00f3n se hizo m\u00e1s fuerte y el tama\u00f1o del pene aument\u00f3. Me siento m\u00e1s seguro en la cama.<\/p><\/blockquote>\n<p>&nbsp;<\/p>\n<blockquote><p><b>Geovanni<\/b><\/p>\n<p>Despu\u00e9s de usar donde comprar Rico Boost mi vida sexual ha cambiado. Me volv\u00ed m\u00e1s asertivo y capaz de satisfacer a mi pareja. \u00a1Los resultados son simplemente asombrosos!<\/p><\/blockquote>\n<p>&nbsp;<\/p>\n<blockquote><p><b>Ithan<\/b><\/p>\n<p>Rico Boost es algo. Despu\u00e9s de unas pocas semanas de uso, not\u00e9 un aumento en el tama\u00f1o del pene y una erecci\u00f3n m\u00e1s estable. \u00a1Feliz de haber probado este medicamento!<\/p><\/blockquote>\n<h2><b>\u00bfD\u00f3nde comprar Rico Boost? \u00bfCu\u00e1l es el precio?<\/b><\/h2>\n<p><img loading=\"lazy\" decoding=\"async\" class=\"aligncenter size-full wp-image-27\" src=\"http:\/\/www.independientesnoneutrales.cl\/tienda\/wp-content\/uploads\/2024\/09\/Rico-Boost-1.jpg\" alt=\"Rico Boost precio farmacia del ahorro\" width=\"500\" height=\"321\" srcset=\"https:\/\/www.independientesnoneutrales.cl\/tienda\/wp-content\/uploads\/2024\/09\/Rico-Boost-1.jpg 500w, https:\/\/www.independientesnoneutrales.cl\/tienda\/wp-content\/uploads\/2024\/09\/Rico-Boost-1-300x193.jpg 300w, https:\/\/www.independientesnoneutrales.cl\/tienda\/wp-content\/uploads\/2024\/09\/Rico-Boost-1-400x257.jpg 400w\" sizes=\"(max-width: 500px) 100vw, 500px\" \/><\/p>\n<p>Puedes adquirir donde lo venden Rico Boost a trav\u00e9s de tiendas online oficiales y de confianza. Para ello, simplemente siga el enlace \u201cComprar\u201d, rellene el formulario, indicando su nombre y tel\u00e9fono de contacto. Se ofrece env\u00edo gratuito con el pago al recibir el art\u00edculo. Los precio farmacia similares de Rico Boost en las farmacias suelen ser m\u00e1s elevados debido a los costes adicionales de log\u00edstica y mantenimiento de la red minorista. Por tanto, comprar a trav\u00e9s de p\u00e1ginas web oficiales no s\u00f3lo es m\u00e1s c\u00f3modo, sino tambi\u00e9n m\u00e1s econ\u00f3mico. Adem\u00e1s, esto garantiza que recibir\u00e1s un producto original, minimizando el riesgo de comprar una falsificaci\u00f3n.<\/p>\n","protected":false},"excerpt":{"rendered":"<p>Rico Boost es un suplemento innovador dise\u00f1ado para la salud masculina, que combina extracto de ginseng y L-arginina para mejorar la circulaci\u00f3n sangu\u00ednea, aumentar la libido y potenciar la producci\u00f3n de testosterona. Su f\u00f3rmula \u00fanica puede aumentar el di\u00e1metro del pene en un 25% tras la primera dosis, ofreciendo una soluci\u00f3n integral para problemas de circulaci\u00f3n genital y deseo sexual.<\/p>\n","protected":false},"featured_media":26,"comment_status":"open","ping_status":"closed","template":"","meta":[],"product_cat":[15],"product_tag":[],"_links":{"self":[{"href":"https:\/\/www.independientesnoneutrales.cl\/tienda\/wp-json\/wp\/v2\/product\/39"}],"collection":[{"href":"https:\/\/www.independientesnoneutrales.cl\/tienda\/wp-json\/wp\/v2\/product"}],"about":[{"href":"https:\/\/www.independientesnoneutrales.cl\/tienda\/wp-json\/wp\/v2\/types\/product"}],"replies":[{"embeddable":true,"href":"https:\/\/www.independientesnoneutrales.cl\/tienda\/wp-json\/wp\/v2\/comments?post=39"}],"wp:featuredmedia":[{"embeddable":true,"href":"https:\/\/www.independientesnoneutrales.cl\/tienda\/wp-json\/wp\/v2\/media\/26"}],"wp:attachment":[{"href":"https:\/\/www.independientesnoneutrales.cl\/tienda\/wp-json\/wp\/v2\/media?parent=39"}],"wp:term":[{"taxonomy":"product_cat","embeddable":true,"href":"https:\/\/www.independientesnoneutrales.cl\/tienda\/wp-json\/wp\/v2\/product_cat?post=39"},{"taxonomy":"product_tag","embeddable":true,"href":"https:\/\/www.independientesnoneutrales.cl\/tienda\/wp-json\/wp\/v2\/product_tag?post=39"}],"curies":[{"name":"wp","href":"https:\/\/api.w.org\/{rel}","templated":true}]}}