{"id":38,"date":"2024-09-24T19:20:16","date_gmt":"2024-09-24T17:20:16","guid":{"rendered":"https:\/\/www.independientesnoneutrales.cl\/tienda\/?post_type=product&#038;p=38"},"modified":"2025-05-17T20:53:05","modified_gmt":"2025-05-17T18:53:05","slug":"idealica","status":"publish","type":"product","link":"https:\/\/www.independientesnoneutrales.cl\/tienda\/product\/idealica\/","title":{"rendered":"Idealica comprar"},"content":{"rendered":"<table>\n<tbody>\n<tr>\n<td>Sitio web<\/td>\n<td>Idealica.es<\/td>\n<\/tr>\n<tr>\n<td>Acci\u00f3n<\/td>\n<td>\u2714 Todo natural.<br \/>\n\u2714 Ayuda a controlar mejor el apetito.<br \/>\n\u2714 Puede apoyar al cuerpo en su transici\u00f3n a la cetosis.<br \/>\n\u2714 Le permite acelerar el metabolismo.<\/td>\n<\/tr>\n<tr>\n<td>Componentes<\/td>\n<td>\u2714 Clorela;<br \/>\n\u2714 Aloe vera;<br \/>\n\u2714 Espirulina;<br \/>\n\u2714 Taurina.<\/td>\n<\/tr>\n<tr>\n<td>Instrucciones de uso<\/td>\n<td>\u2714 Tomar 10 gotas 30 minutos antes del desayuno y de la cena.<br \/>\n\u2714 Repita el procedimiento todos los d\u00edas durante 4 a 8 semanas.<\/td>\n<\/tr>\n<tr>\n<td>Volumen<\/td>\n<td>20 ml<\/td>\n<\/tr>\n<tr>\n<td>Precio<\/td>\n<td>\ud83d\uded1 780 MXN<\/td>\n<\/tr>\n<tr>\n<td>Entrega<\/td>\n<td>aproximadamente 4 d\u00edas<\/td>\n<\/tr>\n<\/tbody>\n<\/table>\n<h2><b>Idealica: \u00a1gotas efectivas para bajar de peso!<\/b><\/h2>\n<p><img loading=\"lazy\" decoding=\"async\" class=\"aligncenter size-full wp-image-37\" src=\"http:\/\/www.independientesnoneutrales.cl\/tienda\/wp-content\/uploads\/2024\/09\/Idealica-5.jpg\" alt=\"Idealica funciona\" width=\"500\" height=\"378\" srcset=\"https:\/\/www.independientesnoneutrales.cl\/tienda\/wp-content\/uploads\/2024\/09\/Idealica-5.jpg 500w, https:\/\/www.independientesnoneutrales.cl\/tienda\/wp-content\/uploads\/2024\/09\/Idealica-5-300x227.jpg 300w, https:\/\/www.independientesnoneutrales.cl\/tienda\/wp-content\/uploads\/2024\/09\/Idealica-5-397x300.jpg 397w\" sizes=\"(max-width: 500px) 100vw, 500px\" \/><\/p>\n<p>Idealica son gotas totalmente naturales que ayudan a controlar el apetito y mejorar el rendimiento f\u00edsico. Ya se han vendido una gran cantidad de productos gracias a los descuentos de precios regulares disponibles en el sitio web oficial. Las gotas tambi\u00e9n pueden aumentar los niveles de energ\u00eda de una persona y acelerar el metabolismo. Esto puede ayudar a los usuarios a perder peso. Opiniones y comentarios Idealica en los foros son bastante positivos sobre su acci\u00f3n. En las revisiones no hay quejas sobre efectos secundarios o contraindicaciones.<\/p>\n<p>Nutricionistas y nutricionistas experimentados han estudiado cuidadosamente c\u00f3mo funciona Idealica. Confirman que tomarlo puede dar buenos resultados en la p\u00e9rdida de peso. Algunos incluso consideran que las gotas son una buena alternativa a la dieta cetog\u00e9nica. Su composici\u00f3n org\u00e1nica est\u00e1 repleta de ingredientes naturales que estimulan el metabolismo. Los extractos clave se derivan de chlorella, aloe vera, espirulina, taurina, quitosano, vitaminas C, B8 y D. Para que sirve Idealica es un remedio natural para quienes desean intentar lograr la cetosis sin restricciones diet\u00e9ticas. Tiene certificado de calidad y ha superado con \u00e9xito varias rondas de ensayos cl\u00ednicos.<\/p>\n<p>\u00bfD\u00f3nde comprar Idealica al mejor precio? \u00bfExisten muchas estafas con productos para bajar de peso que se distribuyen gratuitamente en sitios comerciales? \u00bfC\u00f3mo tomar gotas para acelerar el metabolismo, seg\u00fan las instrucciones de uso del prospecto? \u00bfC\u00f3mo funciona llevar el cuerpo a la cetosis?<\/p>\n<p>\u00a1Obtenga m\u00e1s informaci\u00f3n en esta revisi\u00f3n Idealica!<\/p>\n<h2><b>Chlorella: \u00bfcu\u00e1les son sus propiedades beneficiosas para la figura y el cuerpo?<\/b><\/h2>\n<p>Chlorella es un alga verde unicelular de agua dulce. Hay m\u00e1s de 30 especies diferentes, pero las dos especies m\u00e1s utilizadas en la investigaci\u00f3n son Chlorella Vulgaris y Chlorella Pyrenoidosa. Debido a que la Chlorella tiene una pared celular dura que los humanos no pueden digerir, debe tomarse como suplemento para experimentar sus beneficios. Est\u00e1 disponible en forma de gotas, tabletas y polvo. Adem\u00e1s de utilizarse como complemento diet\u00e9tico, la chlorella tambi\u00e9n act\u00faa como combustible biodiesel. Algunos cient\u00edficos llaman a la chlorella un \u00absuperalimento\u00bb. Esto se debe principalmente a que es rico en nutrientes vitales como \u00e1cidos grasos omega-3, fibra, prote\u00ednas, antioxidantes, vitaminas C, B12 y hierro. Tambi\u00e9n se ha demostrado que la clorella ayuda a reducir otras sustancias qu\u00edmicas nocivas que a veces se encuentran en los alimentos. Uno de ellos es la dioxina, un disruptor hormonal que puede contaminar los piensos para animales. Seg\u00fan esta evidencia, parece que la Chlorella puede ayudar a mejorar la capacidad natural del cuerpo para eliminar toxinas.<\/p>\n<p>A continuaci\u00f3n te presentamos los principales beneficios de la chlorella para el cuerpo y la figura:<\/p>\n<ol>\n<li aria-level=\"1\">Las algas son ricas en nutrientes vitales que ayudan a estabilizar los niveles de defensa inmunol\u00f3gica del cuerpo;<\/li>\n<li aria-level=\"1\">Mejoran el metabolismo y mantienen el apetito por m\u00e1s tiempo;<\/li>\n<li aria-level=\"1\">El producto natural energiza y limpia los \u00f3rganos, ya que es rico en antioxidantes;<\/li>\n<li aria-level=\"1\">Equilibra los niveles de colesterol en sangre y mantiene la presi\u00f3n arterial normal;<\/li>\n<li aria-level=\"1\">Esta es una gran dieta alternativa para los diab\u00e9ticos.<\/li>\n<\/ol>\n<h2><b>Idealica: qu\u00e9 es y c\u00f3mo funciona<\/b><\/h2>\n<p><img loading=\"lazy\" decoding=\"async\" class=\"aligncenter size-full wp-image-36\" src=\"http:\/\/www.independientesnoneutrales.cl\/tienda\/wp-content\/uploads\/2024\/09\/Idealica-4.jpg\" alt=\"Idealica como se aplica\" width=\"500\" height=\"340\" srcset=\"https:\/\/www.independientesnoneutrales.cl\/tienda\/wp-content\/uploads\/2024\/09\/Idealica-4.jpg 500w, https:\/\/www.independientesnoneutrales.cl\/tienda\/wp-content\/uploads\/2024\/09\/Idealica-4-300x204.jpg 300w, https:\/\/www.independientesnoneutrales.cl\/tienda\/wp-content\/uploads\/2024\/09\/Idealica-4-400x272.jpg 400w\" sizes=\"(max-width: 500px) 100vw, 500px\" \/><\/p>\n<p>Idealica son unas gotas totalmente naturales que te ayudar\u00e1n a controlar mejor tu apetito. Las gotas tambi\u00e9n pueden resultar \u00fatiles para personas que buscan una alternativa adecuada a la dieta cetog\u00e9nica. Son capaces de activar un estado de cetosis, lo que elimina los efectos secundarios de la dieta. Ya se han vendido m\u00e1s de 1 mill\u00f3n de copias, porque el fabricante ofrece descuentos peri\u00f3dicamente en su sitio web oficial. Los expertos en nutrici\u00f3n tambi\u00e9n confirman que Idealica es uno de los mejores complementos nutricionales para acelerar el metabolismo. Se adapta bien a cualquier dieta y programa de fitness.<\/p>\n<p>Las gotas se han sometido a rigurosas pruebas cl\u00ednicas y se ha demostrado que son seguras. Los clientes no tuvieron quejas sobre el trabajo Idealica. El producto tiene certificado de calidad. Energiza el cuerpo y reduce los antojos de comida que puedas experimentar. Las gotas pueden mejorar su tono y estado de \u00e1nimo diario, as\u00ed como acelerar todos los procesos asociados con los procesos metab\u00f3licos. Idealica es una buena soluci\u00f3n para quienes siguen una dieta cetog\u00e9nica. Esto puede ayudar al cuerpo a entrar r\u00e1pidamente en un estado de cetosis.<\/p>\n<h2><b>\u00bfCu\u00e1les son las ventajas y desventajas de la droga es bueno o malo?<\/b><\/h2>\n<p>Los nutricionistas experimentados creen que las gotas Idealica resultados reales pueden tener m\u00e1s beneficios y beneficios que otros suplementos diet\u00e9ticos. Las gotas est\u00e1n inspiradas en la dieta cetog\u00e9nica y est\u00e1n dise\u00f1adas para ayudarle a entrar en cetosis de forma r\u00e1pida y segura. Esto alentar\u00e1 al cuerpo a utilizar la grasa almacenada para obtener energ\u00eda en lugar de carbohidratos.<\/p>\n<p>Las ventajas de Idealica sobre soluciones alternativas para un mejor control del apetito se ven confirmadas por las buenas ventas. Vendi\u00f3 m\u00e1s de 3 millones de copias. Muchos hombres y mujeres afirman haber podido ponerse en forma con la ayuda de gotas naturales.<\/p>\n<h3>Ventajas<\/h3>\n<ul>\n<li aria-level=\"1\">Composici\u00f3n completamente natural que ayuda a controlar mejor el apetito;<\/li>\n<li aria-level=\"1\">Las gotas pueden ayudar al cuerpo durante la transici\u00f3n a la cetosis;<\/li>\n<li aria-level=\"1\">El producto tiene certificado de calidad y puede ser tomado de forma segura por ambos sexos;<\/li>\n<li aria-level=\"1\">Regular tomarlo permite acelerar el metabolismo y mejorar el rendimiento f\u00edsico;<\/li>\n<li aria-level=\"1\">El fabricante ofrece descuentos a buenos precios en su sitio web oficial.<\/li>\n<\/ul>\n<h3>Defectos<\/h3>\n<ul>\n<li aria-level=\"1\">Siga una dieta baja en carbohidratos o cetog\u00e9nica mientras toma las gotas;<\/li>\n<li aria-level=\"1\">No busque el producto en farmacias.<\/li>\n<\/ul>\n<h2><b>\u00bfC\u00f3mo se sienten los compradores acerca de las ca\u00eddas de Idealica?<\/b><\/h2>\n<p><img loading=\"lazy\" decoding=\"async\" class=\"aligncenter size-full wp-image-35\" src=\"http:\/\/www.independientesnoneutrales.cl\/tienda\/wp-content\/uploads\/2024\/09\/Idealica-3.jpg\" alt=\"Idealica como se usa el\" width=\"500\" height=\"313\" srcset=\"https:\/\/www.independientesnoneutrales.cl\/tienda\/wp-content\/uploads\/2024\/09\/Idealica-3.jpg 500w, https:\/\/www.independientesnoneutrales.cl\/tienda\/wp-content\/uploads\/2024\/09\/Idealica-3-300x188.jpg 300w, https:\/\/www.independientesnoneutrales.cl\/tienda\/wp-content\/uploads\/2024\/09\/Idealica-3-400x250.jpg 400w\" sizes=\"(max-width: 500px) 100vw, 500px\" \/><\/p>\n<p>No existe un foro oficial Idealica. A\u00fan no existe una revisi\u00f3n oficial del suplemento en los sitios web comerciales. Sin embargo, hay muchas rese\u00f1as y opiniones en foros de mujeres y otros foros sobre p\u00e9rdida de peso. Todav\u00eda no hemos visto ninguna rese\u00f1a negativa sobre Idealica, pero continuaremos monitoreando nuevas rese\u00f1as y comentarios en Internet.<\/p>\n<p>Pr\u00e1cticamente no hay opiniones ni comentarios negativos sobre Idealica en los foros. Las gotas son muy valoradas por representantes de ambos sexos, quienes comparten en sus rese\u00f1as que el producto les aporta energ\u00eda y buen tono. Las revisiones tambi\u00e9n muestran que la herramienta org\u00e1nica para esculpir el cuerpo mejora el metabolismo e incluso puede producir resultados similares a los de la dieta cetog\u00e9nica. Los nutricionistas experimentados tambi\u00e9n creen que Idealica es seguro y puede ser una buena ayuda para perder peso.<\/p>\n<h2><b>Instrucciones de uso de gotas y como se aplica<\/b><\/h2>\n<p>Los usuarios s\u00f3lo tienen una manera de asegurarse de que saben como se usa el Idealica correctamente. Esto se puede hacer leyendo atentamente las instrucciones de uso en el prospecto. El manual de usuario recomienda combinar su uso con una dieta baja en carbohidratos y una mayor ingesta de l\u00edquidos. Las gotas org\u00e1nicas pueden mejorar el metabolismo y controlar los antojos, aumentando la probabilidad de alcanzar r\u00e1pidamente la cetosis. La dosis habitual de Idealica es de 10 gotas al d\u00eda 30 minutos antes de las comidas.<\/p>\n<p>A continuaci\u00f3n se explica c\u00f3mo utilizar Idealica:<\/p>\n<ol>\n<li aria-level=\"1\">Tomar 10 gotas 30 minutos antes del desayuno y de la cena.<\/li>\n<li aria-level=\"1\">Sigue una dieta baja en carbohidratos y controla tu apetito de forma segura.<\/li>\n<li aria-level=\"1\">Repita el procedimiento todos los d\u00edas durante 4 a 8 semanas, seg\u00fan sus objetivos.<\/li>\n<li aria-level=\"1\">Quejas sobre efectos secundarios y contraindicaciones.<\/li>\n<\/ol>\n<p>Pr\u00e1cticamente no hay quejas sobre efectos secundarios y contraindicaciones funciona Idealica. A los clientes les encanta el efecto de las gotas porque eliminan los efectos negativos de la dieta cetog\u00e9nica, como el mal aliento, los cambios de humor y la sudoraci\u00f3n excesiva. Es posible que no se suponga que la f\u00f3rmula org\u00e1nica acelere el metabolismo y ayude a controlar los antojos. Nutricionistas experimentados tambi\u00e9n confirman que Idealica no es un corrector de figura peligroso, sino completamente natural.<\/p>\n<h2><b>Componentes de cada gota Idealica<\/b><\/h2>\n<p><img loading=\"lazy\" decoding=\"async\" class=\"aligncenter size-full wp-image-34\" src=\"http:\/\/www.independientesnoneutrales.cl\/tienda\/wp-content\/uploads\/2024\/09\/Idealica-2.jpg\" alt=\"Idealica es bueno o malo\" width=\"500\" height=\"334\" srcset=\"https:\/\/www.independientesnoneutrales.cl\/tienda\/wp-content\/uploads\/2024\/09\/Idealica-2.jpg 500w, https:\/\/www.independientesnoneutrales.cl\/tienda\/wp-content\/uploads\/2024\/09\/Idealica-2-300x200.jpg 300w, https:\/\/www.independientesnoneutrales.cl\/tienda\/wp-content\/uploads\/2024\/09\/Idealica-2-400x267.jpg 400w\" sizes=\"(max-width: 500px) 100vw, 500px\" \/><\/p>\n<p>La composici\u00f3n org\u00e1nica de las gotas Idealica confiable garantiza que los usuarios puedan controlar mejor su apetito. Las gotas org\u00e1nicas proporcionan energ\u00eda y estimulan el metabolismo, ayud\u00e1ndote a mantenerte en forma y fuerte mientras esculpes tu cuerpo. Los ingredientes activos de la f\u00f3rmula pueden provocar un efecto similar a la cetosis. Los extractos pueden ayudar al cuerpo a quemar grasas en lugar de carbohidratos para obtener energ\u00eda.<\/p>\n<p>Aqu\u00ed est\u00e1n los principales resultados de la composici\u00f3n Idealica:<\/p>\n<ol>\n<li aria-level=\"1\">Formaci\u00f3n de un cuerpo esbelto y esbelto;<\/li>\n<li aria-level=\"1\">Disminuci\u00f3n del deseo de apetito;<\/li>\n<li aria-level=\"1\">Estimulaci\u00f3n del metabolismo.<\/li>\n<\/ol>\n<p>Los principales ingredientes de la f\u00f3rmula son:<\/p>\n<ul>\n<li><b>Clorela;<\/b><\/li>\n<li><b>Aloe vera;<\/b><\/li>\n<li><b>Espirulina;<\/b><\/li>\n<li><b>Taurina;<\/b><\/li>\n<li><b>Vitaminas B8, C y D;<\/b><\/li>\n<li><b>Chitos\u00e1n.<\/b><\/li>\n<\/ul>\n<h2><b>Opiniones de clientes sobre los resultados con gotas<br \/>\n<\/b><\/h2>\n<p>&nbsp;<\/p>\n<blockquote><p><b>Juan<\/b><\/p>\n<p>Empec\u00e9 a tomar Idealica precio farmacia del ahorro hace aproximadamente un mes y medio. Me ayud\u00f3 a perder 7 kg. reduciendo el apetito y mejorando el metabolismo. Me lo recomend\u00f3 un amigo y decid\u00ed pedirlo a trav\u00e9s de la web oficial. Tambi\u00e9n lo utiliz\u00f3 como medio adicional para esculpir el cuerpo. Hab\u00eda un buen descuento en el precio en el sitio web oficial y la composici\u00f3n era completamente natural. \u00a1Recomiendo mucho estas gotas!<\/p><\/blockquote>\n<p>&nbsp;<\/p>\n<blockquote><p><b>Paola<\/b><\/p>\n<p>Las gotas walmart Idealica son las que me ayudaron a ponerme en forma. Las gotas tonifican el cuerpo y suprimen los antojos de dulces y alimentos azucarados. Producen efectos similares a los de la dieta cetog\u00e9nica. Con su ayuda y siguiendo una dieta baja en carbohidratos, puedes esperar perder entre 5 y 6 kg. \u00a1por un mes!<\/p><\/blockquote>\n<p>&nbsp;<\/p>\n<blockquote><p><b>Nelly<\/b><\/p>\n<p>Mi amigo empez\u00f3 a tomar Idealica donde lo venden hace unos dos meses. La ayudaron a perder peso y desarrollar una figura esbelta y esbelta. Tambi\u00e9n estoy pensando en pedir el producto para m\u00ed. \u00a1Esto parece funcionar muy bien!<\/p><\/blockquote>\n<h2><b>Precio Idealica &#8211; \u00bfd\u00f3nde comprar?<\/b><\/h2>\n<p><img loading=\"lazy\" decoding=\"async\" class=\"aligncenter size-full wp-image-33\" src=\"http:\/\/www.independientesnoneutrales.cl\/tienda\/wp-content\/uploads\/2024\/09\/Idealica-1.jpg\" alt=\"Idealica resultados reales\" width=\"500\" height=\"360\" srcset=\"https:\/\/www.independientesnoneutrales.cl\/tienda\/wp-content\/uploads\/2024\/09\/Idealica-1.jpg 500w, https:\/\/www.independientesnoneutrales.cl\/tienda\/wp-content\/uploads\/2024\/09\/Idealica-1-300x216.jpg 300w, https:\/\/www.independientesnoneutrales.cl\/tienda\/wp-content\/uploads\/2024\/09\/Idealica-1-400x288.jpg 400w\" sizes=\"(max-width: 500px) 100vw, 500px\" \/><\/p>\n<p>Todos los clientes que quieran estar seguros de d\u00f3nde comprar Idealica al mejor precio pueden visitar la web oficial. Proporciona un entorno seguro y saludable para pedir una o dos gotas para esculpir el cuerpo. El fabricante lo distribuye solo de tal manera que el comprador reciba ingredientes de la m\u00e1s alta calidad y el precio normal Idealica farmacia del ahorro.<\/p>\n<p>El descuento actual sobre el precio farmacia similares Idealica es del -50% sobre el precio normal. Puede usarlo completando un breve formulario y confirmando los detalles de entrega con una llamada telef\u00f3nica. El paquete deber\u00eda llegar dentro de los 7 d\u00edas h\u00e1biles. El pago se realiza mediante el m\u00e9todo de pago contra reembolso.<\/p>\n<p>Las entregas se solicitan mediante el m\u00e9todo est\u00e1ndar de productos en l\u00ednea. Los clientes completan un formulario de pedido, confirman los detalles por tel\u00e9fono y esperan la entrega, que puede demorar hasta una semana. \u00a1El pago del pedido se realiza contra reembolso al recibirlo!<\/p>\n<h2><b>Comprar Idealica en una farmacia<\/b><\/h2>\n<p>Es imposible encontrar gotas Idealica donde comprar en las farmacias. La soluci\u00f3n moldeadora del cuerpo se distribuye \u00fanicamente a trav\u00e9s de sitio especial. Esto le da al cliente confianza en los est\u00e1ndares de producci\u00f3n y la calidad. Esto tambi\u00e9n les permite aprovechar mejores ofertas de precios. Muchas estafas Idealica donde lo puedo conseguir publicadas en sitios comerciales. Tenga cuidado de no ser v\u00edctima de ninguno de ellos.<\/p>\n<h2><b>Consuma una dieta baja en carbohidratos para moldear su cuerpo<\/b><\/h2>\n<p>Si sigue una dieta baja en carbohidratos, puede esperar estar m\u00e1s saludable y delgado. Esto ayudar\u00e1 a que su cuerpo entre en cetosis y queme la grasa almacenada para obtener energ\u00eda. Intente beber m\u00e1s l\u00edquidos para mejorar la desintoxicaci\u00f3n de sus \u00f3rganos internos.<\/p>\n<p>Entre los mejores productos para moldear el cuerpo se encuentran las gotas Idealica. Organic Metabolism Booster est\u00e1 recibiendo elogios de los consumidores en sus opiniones y comentarios en foros de fitness. Su composici\u00f3n org\u00e1nica puede incluso imitar los efectos de la dieta ceto sin provocar contraindicaciones negativas. Los nutricionistas experimentados tambi\u00e9n creen que las gotas son una excelente alternativa a una dieta estricta baja en carbohidratos.<\/p>\n","protected":false},"excerpt":{"rendered":"<p>Idealica son gotas naturales que ayudan a controlar el apetito, acelerar el metabolismo y mejorar el rendimiento f\u00edsico, lo que facilita la p\u00e9rdida de peso. Su f\u00f3rmula org\u00e1nica, respaldada por nutricionistas, incluye ingredientes como chlorella, aloe vera y espirulina, y ha recibido cr\u00edticas positivas por su eficacia sin efectos secundarios.<\/p>\n","protected":false},"featured_media":32,"comment_status":"open","ping_status":"closed","template":"","meta":[],"product_cat":[15],"product_tag":[],"_links":{"self":[{"href":"https:\/\/www.independientesnoneutrales.cl\/tienda\/wp-json\/wp\/v2\/product\/38"}],"collection":[{"href":"https:\/\/www.independientesnoneutrales.cl\/tienda\/wp-json\/wp\/v2\/product"}],"about":[{"href":"https:\/\/www.independientesnoneutrales.cl\/tienda\/wp-json\/wp\/v2\/types\/product"}],"replies":[{"embeddable":true,"href":"https:\/\/www.independientesnoneutrales.cl\/tienda\/wp-json\/wp\/v2\/comments?post=38"}],"wp:featuredmedia":[{"embeddable":true,"href":"https:\/\/www.independientesnoneutrales.cl\/tienda\/wp-json\/wp\/v2\/media\/32"}],"wp:attachment":[{"href":"https:\/\/www.independientesnoneutrales.cl\/tienda\/wp-json\/wp\/v2\/media?parent=38"}],"wp:term":[{"taxonomy":"product_cat","embeddable":true,"href":"https:\/\/www.independientesnoneutrales.cl\/tienda\/wp-json\/wp\/v2\/product_cat?post=38"},{"taxonomy":"product_tag","embeddable":true,"href":"https:\/\/www.independientesnoneutrales.cl\/tienda\/wp-json\/wp\/v2\/product_tag?post=38"}],"curies":[{"name":"wp","href":"https:\/\/api.w.org\/{rel}","templated":true}]}}